units digit of a/(-8) - (1070/80 + -13)?
0
Suppose 0 = 14*l + 4 - 18. What is the units digit of ((-147)/(-63))/(l/453)?
7
Let w = 34 - 23. Let o = 6 - w. What is the units digit of -129*((-30)/(-9))/o?
6
Suppose -5*t + 790 = 2*m, -2*m = 3*t - 852 + 66. Suppose -4*v + 621 = 3*a, -3*a + 75 = -2*v + m. What is the hundreds digit of v?
1
What is the hundreds digit of 15*2*12334/42?
8
Suppose 4*m - 3*c - 4 - 7 = 0, -3*m + 5*c = 0. Let f(k) = k**3 - 6*k**2 + 6*k - 3. Let b be f(m). Suppose 7*t - b*t = 455. What is the tens digit of t?
9
Let z(y) = -40*y**3 - 11*y**2 - 46*y - 65. What is the thousands digit of z(-5)?
4
Suppose 2*r + 21 = 3*a - 31, 0 = -5*a - 2*r + 76. Suppose 21814 - 4326 = a*f. What is the units digit of f?
3
Suppose -62*k + 115408 = -330062. What is the hundreds digit of k?
1
Let p(s) = -s**2 - 13*s - 14. Let v be p(-12). Let d = v + 6. Suppose -d*w + 309 = 5*i, -2*i = -i + 3*w - 64. What is the units digit of i?
1
Let o(x) = x**3 - 25*x**2 + 45*x + 19. Let m be o(23). What is the tens digit of m/8 - (-4 - 2323/2)?
6
Let g(u) = 226*u + 825. Let n(j) = 45*j + 165. Let t(d) = 2*g(d) - 11*n(d). What is the tens digit of t(-5)?
5
What is the tens digit of (493912 - -10)/13 - 4?
9
Suppose 3*a - 2*f - 5116 = 0, 4*a - 6833 = -0*f + 5*f. Suppose 0 = 2*x + 4*b - a, 27*b - 28*b + 2 = 0. What is the tens digit of x?
4
Let d(t) = 11*t**3 + t**2 + t. Let z be d(-1). Let m = z - -16. Suppose 4*y - 5*y + 3*v = -55, m*v + 15 = 0. What is the tens digit of y?
4
Let q = -26 - 116. Let c be q/4 + (-65)/26. Let y = 81 + c. What is the tens digit of y?
4
Let t = -672 + 1230. Suppose -2*h - 5*o = -h - t, 0 = -4*h + 2*o + 2210. What is the units digit of h?
3
What is the hundreds digit of 76126/85 + 18 + 3/(-5)?
9
Suppose -p + 2*w = -115 - 213, -4*p - 5*w + 1260 = 0. Suppose 5*l - p = 3*n, l - 4 = -5*n + 60. Suppose 3*s + s = l. What is the tens digit of s?
1
Let d(l) = -32*l + 91. Let z(a) = 32*a - 89. Let v(u) = -4*d(u) - 5*z(u). What is the hundreds digit of v(-19)?
6
Let b = 576 - -4389. What is the thousands digit of b?
4
Let i(z) = -z**3 + 45*z**2 - 45*z + 93. Let h be i(44). What is the tens digit of 1820/h*14/4?
3
Suppose -8*i + 4 = -6*i. Suppose 2*u - 56 = -i*u. Let h(s) = s - 1. What is the units digit of h(u)?
3
Let r(x) = x**3 - 35*x**2 + 59*x + 231. Let u be r(33). Let w = 78 + 7. Suppose u*i = i, -m = -5*i - w. What is the tens digit of m?
8
Let x = 5026 - -4547. What is the thousands digit of x?
9
Suppose 69*l - 482958 = 422874. What is the ten thousands digit of l?
1
Suppose 1166969 - 591388 = 259*a - 896316. What is the tens digit of a?
8
Let v(p) = p**2 + 6*p - 72. Let c be v(-12). Suppose 5*f + x - 2306 = c, 2*f + 11*x - 904 = 6*x. What is the units digit of f?
2
Suppose g = 3*b - 32, -20*g + 15*g = 2*b + 7. Let k(h) = 13*h**2 - 6*h - 38. What is the tens digit of k(b)?
6
Suppose -18*i - 48 = -20*i. What is the units digit of (i/24)/((-1)/(-39)) + 2?
1
What is the units digit of 80/(-1000) - (647106/(-75) - 4)?
2
Let s(l) = -l**3 + 3*l**2 - 6*l + 4. Let j be s(1). Suppose j = g + 2*g + 5*o - 949, -3*g + 5*o = -899. What is the hundreds digit of g?
3
What is the tens digit of (25395/20)/((-6)/3 - 1170/(-576))?
3
Suppose 18*k = 16*k + 524. Suppose 2*p - 704 + 165 = -q, -p + k = 2*q. What is the tens digit of p?
7
Suppose 28 = 3*x + 2*p - 1555, 506 = x + 5*p. What is the units digit of x?
1
Let z = 632 - 627. Suppose 2259 = 2*r - u, -z*r + 7*u - 12*u + 5625 = 0. What is the hundreds digit of r?
1
Let m = -10 - -302. Let p = 494 - m. What is the units digit of p?
2
Let l(j) = -j**2 - 7. Let x be l(19). What is the tens digit of (-32)/x - (9290/(-23) + 0)?
0
Let b = -229 + 219. Let p(n) be the second derivative of -n**5/20 - 2*n**4/3 + 11*n**3/6 + 5*n**2 + 4*n. What is the hundreds digit of p(b)?
1
Let i = 2351 + -1403. Suppose -2*k + 0*k = 3*q - 1448, 2*q - i = 3*k. Let f = q - 279. What is the units digit of f?
1
Let b be (1 - (-6)/(-8)) + 35/20. What is the units digit of (7/b)/((-2)/(-52))?
1
Let k = -9055 + 14868. Suppose -11*q + 5649 = -k. What is the units digit of q?
2
Suppose -5412 = -9*s + 105684. What is the thousands digit of s?
2
Suppose -2*x + 4 = 5*h, -6 = 8*h - 4*h - 3*x. Suppose c + 2*m - 98 = -8, -3*c + 3*m + 225 = h. What is the units digit of c?
0
Let v = 1089 - 2364. Let l = -906 - v. What is the hundreds digit of l?
3
Suppose -2*l - o + 5512 = -1336, 5*l + 5*o - 17120 = 0. Suppose -22*s + 2098 + l = 0. What is the tens digit of s?
5
Let z = -11004 - -35704. What is the units digit of z?
0
What is the tens digit of 2025*(-1 + 2 + 1425/225)?
5
Let z be (2 - 3) + -1 + 9 + -4. What is the hundreds digit of -2 - (z - 0) - -358?
3
Let p(c) = 41*c + 0*c - 12 - 12*c. Let j be p(8). Let o = -127 + j. What is the tens digit of o?
9
Let h(l) = 1191*l + 3004. What is the tens digit of h(13)?
8
Let d be -3 + (19/2)/(4/(-24)). Let b = -37 - d. Suppose 21*t + 226 = b*t. What is the units digit of t?
3
Let t(w) = 6*w**2 - 22*w + 33. Let f be t(17). Let s = -889 + f. What is the tens digit of s?
0
Let x(y) = 19*y + 48. Let k(p) = -55*p - 144. Let n(z) = -4*k(z) - 11*x(z). What is the hundreds digit of n(14)?
2
Let j(f) = f**2 + 9*f - 4. Let h be j(-9). Let v be h - (0 + 4)/(-2). What is the units digit of 4 + (3 + v)*40?
4
Suppose 0 = -141106*f + 141092*f + 651042. What is the units digit of f?
3
Let r(l) = -5370*l - 581. What is the tens digit of r(-1)?
8
Suppose 8782 + 35453 = 51*t - 10845. What is the units digit of t?
0
Let g(o) = -2072*o + 44. Let u be g(-1). Suppose 4*y = z + u, 0 = 2*y - 3*y - 5*z + 550. What is the tens digit of y?
3
Let w = -24 - -31. Suppose -w*b - 21 = -0*b. What is the units digit of -1 - b - (-34 - -2)?
4
Let a = -53 + 23. Let x = -33 - a. What is the tens digit of (2 + (-145)/15)*x?
2
Suppose -m + 611 = 225. Let g = m + -43. Suppose 5*q - z = 2*z + g, 4*q = 4*z + 268. What is the tens digit of q?
7
Let g be 91*((3/(-3) - 0) + 0). Let p be (-20 - 0)*(3 - 10). Let w = g + p. What is the units digit of w?
9
Let z = 17 - 44. Let t = -25 - z. Let d(l) = 8*l**3 + 2*l**2 - l + 1. What is the units digit of d(t)?
1
Suppose -5*i - 5*t = -47505, 3*i - 3*t - 6493 = 21974. What is the thousands digit of i?
9
Let i = 11235 + -1966. What is the thousands digit of i?
9
Let l = 24756 + -3327. What is the tens digit of l?
2
Suppose 15*t = 22*t - 42044 + 9928. What is the units digit of t?
8
Suppose -12*r + 72906 + 11502 = 0. What is the units digit of r?
4
Let c(l) = -2004*l + 373. What is the thousands digit of c(-4)?
8
Let n(f) = -665*f - 590. What is the units digit of n(-9)?
5
Let s be 0*3/15 - 2. Let j be 20/(-8)*s + -2. What is the tens digit of 660/(1 + 4) + j/1?
3
What is the units digit of (24/(-10))/((-567)/166320)?
4
Let g = 1347 - 666. Let t = 1283 - g. What is the tens digit of t?
0
What is the tens digit of (28 - 2)*(-18470)/4*(-1)/5?
1
What is the hundreds digit of ((-12)/(-6) - -10230) + 14 + -20?
2
Let f(d) = 78*d**3 - 10*d**2 + 3*d - 26. What is the hundreds digit of f(4)?
8
Suppose -2*y = -4*r - 14, 5*r + 55 = -2*y + 7*y. Let s be (-93422)/(-210) + 2/y. Suppose 0 = 3*a - 8*a + s. What is the units digit of a?
9
Let o = 276 + 508. What is the hundreds digit of o?
7
Let p(r) = r**2 - 2*r + 9834. Let w be p(0). Suppose 26*o - 16842 = w. What is the hundreds digit of o?
0
Suppose 6*k - 5*k + 4 = 0, -704 = -m + 4*k. Suppose -4 + m = g. Suppose -g = -4*t + 204. What is the units digit of t?
2
Let p = 228 + -226. What is the hundreds digit of 22488/36 + -1*p/(-6)?
6
Suppose -234*s = 294365 - 2460971. What is the tens digit of s?
5
Let w be -5*((-1925)/10 - 2/4). Suppose 3*u - w = -d, 4*u - 1265 = -21*d + 24*d. What is the hundreds digit of u?
3
Suppose -8 = 3*z - 2*s, -z - 3*s + 20 = 2*s. Suppose 7*x - 3*x + 12 = z. What is the tens digit of (370/(-15) - -2)*x?
6
Let t = -958 + 1911. Let v = t - -476. What is the thousands digit of v?
1
Suppose 12*n - 11*n - 75 = 0. Suppose n - 283 = -p. What is the units digit of p?
8
Let p(m) = 1118*m - 72. What is the ten thousands digit of p(11)?
1
Let a = 1007 - 716. Suppose 3*d = -5*p + a, 0 = p - 3*p. What is the tens digit of d?
9
Let s = -10115 - -14210. What is the tens digit of s?
9
Let i(u) = -u**2 + 38*u + 60. Let x be i(39). What is the units digit of -45*(